der when 1920987 is divided by 384197.
2
Calculate the remainder when 25699 is divided by 8263.
910
What is the remainder when 23079 is divided by 6941?
2256
Calculate the remainder when 775999 is divided by 2016.
1855
Calculate the remainder when 363895 is divided by 8500.
6895
Calculate the remainder when 51581513 is divided by 1071.
11
What is the remainder when 5145925 is divided by 395838?
31
Calculate the remainder when 193472 is divided by 62327.
6491
What is the remainder when 78667 is divided by 1076?
119
Calculate the remainder when 74033270 is divided by 11624.
14
What is the remainder when 1612897 is divided by 64515?
22
Calculate the remainder when 4850759 is divided by 9760.
39
What is the remainder when 550624496 is divided by 559?
552
What is the remainder when 1650035 is divided by 263?
236
What is the remainder when 2165265 is divided by 1394?
383
Calculate the remainder when 984907 is divided by 245772.
1819
Calculate the remainder when 643172 is divided by 643146.
26
What is the remainder when 30702 is divided by 13898?
2906
What is the remainder when 3077006 is divided by 19352?
38
Calculate the remainder when 3277486 is divided by 655494.
16
Calculate the remainder when 1183754 is divided by 9546.
50
Calculate the remainder when 3700173 is divided by 2884.
1
What is the remainder when 7372761 is divided by 15?
6
Calculate the remainder when 929158 is divided by 1740.
1738
Calculate the remainder when 716202 is divided by 383.
375
Calculate the remainder when 125610 is divided by 58605.
8400
What is the remainder when 1233669 is divided by 137071?
30
Calculate the remainder when 1835324 is divided by 916976.
1372
What is the remainder when 3407656 is divided by 170?
6
Calculate the remainder when 7826504 is divided by 601.
282
What is the remainder when 75477637 is divided by 98?
95
What is the remainder when 35876214 is divided by 5?
4
Calculate the remainder when 667896 is divided by 1412.
20
Calculate the remainder when 11718 is divided by 764.
258
What is the remainder when 10238 is divided by 3942?
2354
What is the remainder when 322530 is divided by 322381?
149
What is the remainder when 336511 is divided by 7?
0
Calculate the remainder when 12821781 is divided by 4273926.
3
Calculate the remainder when 73971 is divided by 12271.
345
Calculate the remainder when 80508 is divided by 944.
268
Calculate the remainder when 172057 is divided by 4966.
3213
Calculate the remainder when 51087 is divided by 229.
20
Calculate the remainder when 1641034 is divided by 1641023.
11
What is the remainder when 694665 is divided by 178?
109
What is the remainder when 3619165 is divided by 402120?
85
Calculate the remainder when 4455674 is divided by 405060.
14
What is the remainder when 46585350 is divided by 771?
759
Calculate the remainder when 143125 is divided by 4346.
4053
Calculate the remainder when 2614245 is divided by 468.
465
What is the remainder when 11598422 is divided by 374142?
20
What is the remainder when 2365502 is divided by 17?
3
Calculate the remainder when 14560735 is divided by 187.
167
Calculate the remainder when 471098 is divided by 350.
348
Calculate the remainder when 46811 is divided by 240.
11
Calculate the remainder when 1748893 is divided by 582931.
100
What is the remainder when 20726898 is divided by 5181718?
26
What is the remainder when 14238 is divided by 3611?
3405
Calculate the remainder when 47729 is divided by 175.
129
What is the remainder when 6090 is divided by 1565?
1395
What is the remainder when 2345890 is divided by 1739?
1718
Calculate the remainder when 736730 is divided by 184169.
54
What is the remainder when 3544045 is divided by 41?
5
Calculate the remainder when 937558 is divided by 6051.
5704
Calculate the remainder when 12972185 is divided by 247.
239
Calculate the remainder when 27514 is divided by 6011.
3470
Calculate the remainder when 547693 is divided by 136910.
53
What is the remainder when 157198 is divided by 8728?
94
Calculate the remainder when 23775 is divided by 1617.
1137
What is the remainder when 1474051 is divided by 1033?
993
Calculate the remainder when 5862629 is divided by 157.
92
Calculate the remainder when 9264333 is divided by 751.
748
What is the remainder when 5853435 is divided by 699?
9
What is the remainder when 7930336 is divided by 84?
64
What is the remainder when 3189972 is divided by 1292?
24
What is the remainder when 171818818 is divided by 402?
400
What is the remainder when 605053 is divided by 93?
88
What is the remainder when 1959768 is divided by 463?
352
What is the remainder when 77491 is divided by 672?
211
What is the remainder when 136125 is divided by 136118?
7
What is the remainder when 4204778 is divided by 4204639?
139
What is the remainder when 39531515 is divided by 896?
891
Calculate the remainder when 8347070 is divided by 25371.
11
Calculate the remainder when 208374975 is divided by 29.
28
What is the remainder when 882713 is divided by 17307?
56
What is the remainder when 64509 is divided by 2088?
1869
Calculate the remainder when 2592940 is divided by 63.
49
What is the remainder when 229859 is divided by 1144?
1059
What is the remainder when 263667 is divided by 9411?
159
Calculate the remainder when 5443649 is divided by 1375.
24
Calculate the remainder when 32199566 is divided by 297.
14
Calculate the remainder when 25057 is divided by 1014.
721
Calculate the remainder when 40510 is divided by 13467.
109
What is the remainder when 161050469 is divided by 779?
9
Calculate the remainder when 657488 is divided by 36527.
2
What is the remainder when 49679 is divided by 64?
15
Calculate the remainder when 1225308 is divided by 1553.
1544
What is the remainder when 85636 is divided by 14486?
13206
Calculate the remainder when 28520 is divided by 2065.
1675
Calculate the remainder when 3182013 is divided by 265145.
273
Calculate the remainder when 56365683 is divided by 2426.
2425
Calculate the remainder when 6899038 is divided by 32.
30
What is the remainder when 31425 is divided by 1381?
1043
What is the remainder when 2132485 is divided by 280?
5
Calculate the remainder when 27622925 is divided by 12824.
29
Calculate the remainder when 17785 is divided by 1506.
1219
What is the remainder when 200645 is divided by 66876?
17
What is the remainder when 106500 is divided by 1286?
1048
Calculate the remainder when 363541 is divided by 5118.
163
What is the remainder when 51487 is divided by 4606?
821
Calculate the remainder when 14620 is divided by 481.
190
Calculate the remainder when 96993 is divided by 7429.
416
Calculate the remainder when 9030147 is divided by 90.
87
Calculate the remainder when 2574000 is divided by 857971.
87
Calculate the remainder when 1247813 is divided by 157.
134
What is the remainder when 3947212 is divided by 492?
388
Calculate the remainder when 192493 is divided by 3379.
3269
What is the remainder when 621515 is divided by 108?
83
Calculate the remainder when 28065 is divided by 27866.
199
What is the remainder when 101668 is divided by 7422?
5182
What is the remainder when 450021 is divided by 8547?
5577
What is the remainder when 68802 is divided by 33726?
1350
Calculate the remainder when 1194710 is divided by 119470.
10
Calculate the remainder when 474005 is divided by 473833.
172
What is the remainder when 6747394 is divided by 336?
178
Calculate the remainder when 31293605 is divided by 1040.
5
What is the remainder when 514155 is divided by 1371?
30
What is the remainder when 17473 is divided by 10295?
7178
What is the remainder when 8804919 is divided by 122287?
255
What is the remainder when 115069 is divided by 22999?
74
What is the remainder when 70151 is divided by 1169?
11
What is the remainder when 6326465 is divided by 5045?
35
Calculate the remainder when 154104 is divided by 1346.
660
What is the remainder when 235116 is divided by 19086?
6084
What is the remainder when 27910333 is divided by 37?
12
Calculate the remainder when 2624822 is divided by 1312401.
20
What is the remainder when 13400 is divided by 253?
244
What is the remainder when 55783 is divided by 2228?
83
Calculate the remainder when 1467240 is divided by 313.
209
Calculate the remainder when 8270875 is di